81333 a prime number?
True
Is 10516798969 a composite number?
False
Is 57745850527 composite?
False
Is 73007611 prime?
True
Is 17765015123 composite?
True
Is 21838212479 a prime number?
True
Is 35311819 a prime number?
False
Is 1147259695 composite?
True
Is 78002085853 composite?
False
Is 140919673 a prime number?
True
Is 72448658911 a composite number?
True
Is 8485563277 prime?
False
Is 4086058087 prime?
True
Is 42738877 a composite number?
False
Is 14312517091 composite?
False
Is 89467966633 prime?
True
Is 5947653487 composite?
True
Is 299576441 a composite number?
False
Is 677300401 prime?
True
Is 24791228939 a composite number?
True
Is 70231597 a composite number?
True
Is 469871579 prime?
False
Is 117788477 a prime number?
False
Is 966702097 composite?
True
Is 3221322257 composite?
False
Is 47989069771 a prime number?
True
Is 268896737 composite?
True
Is 13007359 prime?
False
Is 37982302733 composite?
True
Is 81605317 a prime number?
False
Is 3790777217 a prime number?
True
Is 598070881 prime?
True
Is 2604549487 a composite number?
False
Is 365947993 a composite number?
False
Is 12841972289 a composite number?
True
Is 828267649 a prime number?
False
Is 3954912197 composite?
True
Is 10366168019 a prime number?
True
Is 6674563013 a composite number?
True
Is 2890815761 a composite number?
False
Is 118233341 composite?
True
Is 7714054 a composite number?
True
Is 1466273113 a composite number?
True
Is 1590317849 composite?
False
Is 652655791 composite?
False
Is 1086073721 a prime number?
False
Is 82811093627 prime?
False
Is 15689440211 a composite number?
True
Is 34940355091 a composite number?
True
Is 5879832641 prime?
False
Is 303988207 prime?
False
Is 835982809 a prime number?
False
Is 1650935339 composite?
True
Is 22255026478 a composite number?
True
Is 2625483827 a prime number?
False
Is 10036517951 composite?
False
Is 7521237329 a prime number?
False
Is 575486599 composite?
False
Is 35423849143 a prime number?
True
Is 140950127 a composite number?
False
Is 5293282177 prime?
True
Is 16131812297 prime?
True
Is 182894749 composite?
True
Is 2114197667 a prime number?
True
Is 4624803026 a prime number?
False
Is 86100847447 composite?
True
Is 8280625399 composite?
False
Is 95036304343 a prime number?
True
Is 16847207357 a composite number?
False
Is 25461157627 prime?
False
Is 84926650135 composite?
True
Is 20719030933 composite?
True
Is 7626742163 prime?
False
Is 63874069141 composite?
True
Is 15179226527 composite?
False
Is 808087165 a prime number?
False
Is 1951422509 composite?
False
Is 44856503 composite?
True
Is 3833748899 a composite number?
False
Is 60546209 a composite number?
False
Is 24969737129 prime?
False
Is 455617273 composite?
False
Is 599078269 prime?
True
Is 2011910977 a prime number?
True
Is 1273461647 a prime number?
True
Is 512324083 composite?
False
Is 391757798 prime?
False
Is 99177468821 a composite number?
True
Is 187979657 a composite number?
False
Is 4228648573 composite?
False
Is 9046098989 composite?
True
Is 1681555333 prime?
False
Is 6481219093 prime?
True
Is 16551154757 composite?
False
Is 148006225933 prime?
True
Is 7519657057 prime?
False
Is 37410377 prime?
False
Is 844009027 a prime number?
False
Is 32190446539 composite?
True
Is 37867263653 a composite number?
True
Is 10289142047 a prime number?
False
Is 254601169 a composite number?
True
Is 157086699329 a composite number?
True
Is 9904282733 a prime number?
True
Is 28534825243 composite?
False
Is 3700134415 composite?
True
Is 2481075959 a composite number?
True
Is 163413113 composite?
True
Is 1108633403 composite?
True
Is 225436677391 prime?
False
Is 1006302571 a composite number?
True
Is 28646133301 a prime number?
False
Is 1419039917 prime?
True
Is 3171431113 a prime number?
False
Is 11928705461 prime?
False
Is 63297023 prime?
True
Is 537446209 composite?
False
Is 151528160551 a prime number?
False
Is 34223087 a prime number?
True
Is 26213398487 a composite number?
False
Is 11758523141 a prime number?
False
Is 691731791 prime?
True
Is 17380097 composite?
True
Is 55593064993 a prime number?
True
Is 754470887 a composite number?
True
Is 770167313 prime?
False
Is 77561475031 composite?
False
Is 409907711 a prime number?
True
Is 3805547261 a composite number?
True
Is 10585175527 a composite number?
False
Is 3439353557 a prime number?
True
Is 10800264103 a prime number?
True
Is 58560989 composite?
True
Is 85775631737 a prime number?
True
Is 704480519 prime?
True
Is 2183796413 composite?
False
Is 41730247082 composite?
True
Is 8318207267 composite?
True
Is 16394601541 a composite number?
True
Is 697918573 a composite number?
True
Is 6529066517 prime?
True
Is 658895693 prime?
True
Is 81577361 composite?
False
Is 4287405193 a composite number?
False
Is 4581842999 composite?
False
Is 180556116011 composite?
False
Is 12336888229 a composite number?
False
Is 854846383 composite?
False
Is 11664021167 a composite number?
False
Is 4310874173 a prime number?
False
Is 1528678271 a prime number?
True
Is 14574569 a prime number?
True
Is 172523157361 prime?
True
Is 2436377311 a composite number?
False
Is 273111422 prime?
False
Is 28828558723 prime?
True
Is 14913105457 a prime number?
True
Is 61797317741 prime?
True
Is 86433043 composite?
True
Is 70783535915 a prime number?
False
Is 1786583867 composite?
True
Is 1036968847 a prime number?
True
Is 4649694781 a prime number?
True
Is 1082979839 composite?
True
Is 452141273 prime?
False
Is 227013574843 composite?
True
Is 5098619753 a prime number?
False
Is 2521664711 a composite number?
False
Is 1190075573 a prime number?
True
Is 757791289 prime?
True
Is 19826083801 a composite number?
False
Is 220309417 prime?
True
Is 152375810857 a prime number?
True
Is 66588639493 a composite number?
False
Is 148280684467 composite?
False
Is 7155953663 composite?
False
Is 1518686539 a composite number?
True
Is 1845223613 a prime number?
False
Is 1005460213 prime?
True
Is 31927470541 composite?
True
Is 97348761115 a prime number?
False
Is 463526103 composite?
True
Is 84715626617 composite?
False
Is 851118721 prime?
False
Is 2038909921 composite?
True
Is 7824332729 a composite number?
True
Is 149738311 composite?
True
Is 932841839 prime?
False
Is 78305411823 prime?
False
Is 21136434257 composite?
False
Is 25733181503 a composite number?
True
Is 441717623 prime?
True
Is 38064707 a composite number?
False
Is 5592374207 a composite number?
True
Is 8660925087 composite?
True
Is 21307035433 composite?
True
Is 73810064329 a prime number?
True
Is 2550557377 prime?
False
Is 8445817579 composite?
True
Is 105605617769 a composite number?
True
Is 16015613597 prime?
False
Is 459530339 prime?
True
Is 13253571769 a composite number?
False
Is 1257117011 a prime number?
True
Is 26064952831 a prime number?
False
Is 2405032921 composite?
False
Is 101459679547 a prime number?
True
Is 1778178239 a prime number?
False
Is 15063300943 composite?
True
Is 2715207151 composite?
False
Is 946002271 prime?
False
Is 599584409 composite?
True
Is 52456726561 prime?
True
Is 1603197217 a composite number?
False
Is 102277115063 prime?
False
Is 1117736261 prime?
True
Is 117794639 a prime number?
False
Is 1079118397 prime?
False
Is 17860409057 a prime number?
True
Is 2389707371 composite?
True
Is 1075759957 a prime number?
True
Is 5562683809 composite?
True
Is 2182535323 a prime number?
True
Is 14378353057 a prime number?
True
Is 29462920387 a prime number?
True
Is 20545452569 a composite number?
True
Is 23531839231 a composite number?
True
Is 3338938909 a composite number?
False
Is 415546993 prime?
False
Is 10251772387 composite?
True
Is 164644676549 a prime number?
True
Is 2761984957 prime?
True
Is 4796310947 prime?
True
Is 13070935043 composite?
False
Is 13101563323 prime?
True
Is 400904797 composite?
False
Is 89445052559 composite?
True
Is 12626987923 prime?
False
Is 5891523251 a prime number?
True
Is 44645340643 a prime number?
True
Is 332376853 a composite number?
True
Is 31758318509 prime?
False
Is 10272007931 a prime number?
False
Is 49281556447 a composite number?
True
Is 46325873947 a prime number?
False
Is 5683833487 a prime number?
True
Is 167154541 a composite number?
False
Is 6630013591 a composite number?
False
Is 17113595221 prime?
False
Is 4588662467 prime?
True